ided by t.
77
Suppose 0 = -34*u + 1772 - 106. Calculate the remainder when u is divided by 10*(-4 + 6)*2.
9
Let q(f) = f - 5. Let m be q(5). Suppose m = -0*b + b - 29. Suppose -5*z = -4*d - 5 + 39, -2*d = 4*z - 56. Calculate the remainder when b is divided by d.
13
Suppose -3*a - 9*v = -11*v - 110, -2*a + v = -73. Calculate the remainder when (-3)/12 + 649/4 + 0 is divided by a.
18
Suppose 0 + 3 = -3*f, 1281 = 5*d - f. Suppose 12*m - 4*m = d. Suppose -6*z + 28 = -2*z. What is the remainder when m is divided by z?
4
Let i(f) = 39*f**2 - 3*f - 3. Let u be 24/(-14) + 1 + 4/(-14). Let l = -308 + 315. Calculate the remainder when i(u) is divided by l.
4
Let t(c) = -14*c**3 - c**2 - 5*c - 1. Let a be t(-2). Let h = 168 - a. What is the remainder when h is divided by 3*((-68)/(-6) + -2)?
23
Let p(f) = 9*f**2 - 93*f - 758. Calculate the remainder when p(-9) is divided by 282.
244
Let m = -311 - -296. Let o(w) = -14*w - 171. Calculate the remainder when 506 is divided by o(m).
38
Let r = 27540 - 27370. What is the remainder when r is divided by 1?
0
Suppose 0 = 5*o - 5*x - 1900, -o + 268*x = 270*x - 392. Calculate the remainder when o is divided by 215.
169
Let j(r) = r**3 - 46*r**2 + 47*r - 80. Calculate the remainder when (-2)/(-3) - 148/(-12) is divided by j(45).
3
Suppose -26*n = -11*n - 30. Calculate the remainder when ((-7184)/20)/n*15/(-6) is divided by 15.
14
Let w be 16/(-12)*(-78)/4. Suppose -w - 16 = -6*q. Suppose -4 + q = -3*u, 1 = -s - 5*u. What is the remainder when 5 is divided by s?
1
Suppose -2*d - 356 = -3*f, -f = -4*f - d + 371. Calculate the remainder when f is divided by 19.
8
Suppose 6*j = 6*j - 63*j + 12915. Calculate the remainder when j is divided by 144.
61
Let p(w) = 33*w - 151. Let x be p(-6). Let b = x - -355. What is the remainder when 163 is divided by b?
1
Let j be (0 + -6 + 2)*1*-1. Suppose 52 = 2*o + 2*k, o + 9*k - j*k - 6 = 0. Calculate the remainder when o is divided by 29.
2
Let q(w) = -w**3 + 7*w**2 - 7*w. Let l(o) = -2519*o - 55185. Calculate the remainder when l(-22) is divided by q(5).
8
Let v(g) = -12*g**2 + 12*g - 5. Let l be v(6). Let p = l + 501. What is the remainder when p is divided by 3?
1
Let z be (7 + 176/(-24))/(2/(-48)). Suppose z*f = 2201 - 249. Calculate the remainder when f is divided by 50.
44
Suppose 246 = 3*j - 0*j. Calculate the remainder when j is divided by (3/(-5) - 41/(-60)) + (-201607)/(-6972).
24
Let c = -174 + 507. Suppose 9*w - c = 450. What is the remainder when w is divided by 31?
25
Suppose 103*c + 51680 = 184*c + 259*c. Calculate the remainder when c is divided by 3 + 6/(6/11).
12
Let y(k) = 1322*k**3 - 22*k + 24. Calculate the remainder when y(1) is divided by 87.
19
Let v(j) be the third derivative of j**5/60 - 23*j**4/12 + 33*j**3/2 + 122*j**2. Let q(n) = n + 20. What is the remainder when q(0) is divided by v(44)?
9
Let c be 4/10 + (6/(-15) - -3). Suppose 3*l + c*v = 135, 0 = -4*v - 14 - 2. Calculate the remainder when l is divided by 6.
1
Suppose -5*m - 453 = -28. Let j = 154 + m. Calculate the remainder when j is divided by 37.
32
Let j = 34 + -28. Suppose -k - 3 = j*i - 3*i, -2*k - 4*i = 4. Suppose 5*v = -5*d + 95, k*d = -d - 4*v + 10. What is the remainder when 62 is divided by d?
18
Suppose 0 = -4*h + 59*i - 57*i + 1136, i + 1712 = 6*h. Calculate the remainder when h is divided by 64.
30
Let a(t) = t**2 - 15*t + 42. Let d be a(8). Calculate the remainder when 8 is divided by 2/d + (-86)/(-14).
2
Let h(w) = -11*w - 10. Calculate the remainder when h(-8) is divided by (-13 - 2120/(-160)) + (-134)/(-8).
10
Let u = 89 + -261. Let b = 193 + u. What is the remainder when b is divided by 15?
6
Calculate the remainder when (-5 + (-168)/(-30))/(0 + 3/2265) is divided by 57.
54
Let g(a) = -87*a**2 - a - 12. Let p(y) = 87*y**2 + 16. Let q(z) = -4*g(z) - 3*p(z). What is the remainder when q(1) is divided by 76?
15
Suppose 0 = -45*i + 194 + 211. Calculate the remainder when 256 is divided by i.
4
Suppose -4*i + 56 = -2*i. Calculate the remainder when (-28204)/(-150) + 674/(-25275) is divided by i.
20
Calculate the remainder when 2671 is divided by (-1 + 2)/((-43)/(-1419)).
31
Let r(h) = -17*h - 70. Suppose -3*i - 5*u + 14 = -3, i + 4*u - 8 = 0. Suppose 30 = -4*p + 6*p + o, i = -o. What is the remainder when r(-8) is divided by p?
15
Suppose -7*c + 4*c = -1416. Suppose 2*y - c = -4*l, 252 = 2*l - 11*y + 16*y. Suppose 2*k + 65 = 7*k. What is the remainder when l is divided by k?
12
Suppose 3*a + 72 = 426. Suppose -171 - 1 = -4*b + 4*n, 2*b = 4*n + 98. What is the remainder when a is divided by b?
7
Let b(f) = 2*f**2 - 8*f - 5. Let p be (29/2)/(-3 + (-21)/(-6)). Suppose 11 = -3*x + p. Calculate the remainder when 130 is divided by b(x).
16
Suppose -4*t + 27*c + 20 = 31*c, -2*t = 5*c - 13. What is the remainder when ((-18)/(-30))/((-2)/(-20)) is divided by t?
2
Let u(w) = w**3 + 42*w**2 + 246*w + 74. Calculate the remainder when 304 is divided by u(-35).
31
Let q = 25 + -29. Let r be (-139)/q - (-5)/20. Calculate the remainder when (-10)/(130/r + -4) is divided by 18.
17
What is the remainder when 2734 is divided by (-5 - (-13)/3 - (9 + -11))*54?
70
Let h = -700 + 984. Suppose 0 = 3*m + h - 608. Calculate the remainder when m is divided by 35.
3
Let l(i) = 6*i**3 + 47*i**2 - 138*i - 26. Let u = -12 + 19. What is the remainder when l(3) is divided by u?
5
Suppose -3*f + 4*f = 0. Calculate the remainder when 39 - (1 + 1) - 40*12/60 is divided by (15 - f)/(0 - -1).
14
Suppose 112 = 18*x - 4*x. Suppose 3*y + 2*s = 445, y - x*s = -9*s + 147. What is the remainder when y is divided by 14?
11
Let r be (-8)/(-112) - 222/(-28). What is the remainder when 110 is divided by 126/(-12)*r/(-6)?
12
Let s(o) = -4*o - 4. Let g be s(-2). Suppose 0 = -t - g + 8. Let z(h) = h + 8. Calculate the remainder when 59 is divided by z(t).
11
Suppose 150 = 19*i - 591. Suppose 43*m = i*m + 16. Calculate the remainder when 4 is divided by m.
0
Let l = -117 + 176. Suppose -4*v - 44 = -4*z, z - 5*z - v + l = 0. What is the remainder when z is divided by 3?
2
Let t = -200 - -230. Calculate the remainder when (0 - t)/((-9)/(-12) - 1) is divided by 41.
38
Let l = 3 - 0. Suppose 6*k + l*g - 18 = 3*k, 4*g = 4*k - 24. Suppose 0 = -h + k*h - 35. Calculate the remainder when 12 is divided by h.
5
Let l be 5*(0 + -3)/1. Let f = -6 - l. Let u = -1022 + 1065. What is the remainder when u is divided by f?
7
Suppose 6*d = 4*j + d - 36, 4*j = -2*d + 8. Suppose j*s - 2*u + 7*u - 71 = 0, 3*s = -4*u + 54. Calculate the remainder when s is divided by 8.
6
Suppose d - 5*m - 384 = 0, -1561 = -5*d + m + 455. Calculate the remainder when d is divided by 34.
30
Suppose 3*w = 2*z - 1683, -4*z = -20*w + 16*w - 3372. What is the remainder when z is divided by 105?
6
Let i(k) = -12*k + 2. Let r(x) = 13*x**2 + 1531*x - 6313. Calculate the remainder when i(-5) is divided by r(4).
5
Let c = -2075 - -1933. Let q(b) = 2*b**2 - 10*b. Let w be q(8). Calculate the remainder when 12/w + c/(-8) is divided by 7.
4
Let a = -8 - -1. Let g = -5 - a. Let o = 8118 - 8114. What is the remainder when o is divided by g?
0
Suppose 0 = -3031*p + 3038*p - 532. What is the remainder when p is divided by 27?
22
Let v = -46 - -61. Let q = 64 + v. Let h = 148 - q. Calculate the remainder when h is divided by 24.
21
Suppose 4 - 4 = -8*l. Let k be (-2)/(-5) + 466/10. Suppose k = f - l. Calculate the remainder when 140 is divided by f.
46
Let t = -7751 + 7779. Calculate the remainder when 79 is divided by t.
23
Let o(i) = 2*i**3 - 3*i**2 - 6*i - 23. Calculate the remainder when 252 is divided by o(5).
8
Calculate the remainder when 83 is divided by (2/(-2))/((-714)/237 + (1 - -2)).
4
Suppose 1 - 10 = -3*z. Suppose s - 4*d - 144 = -3*s, 2*s = z*d + 73. Suppose -3*v - 4*c - 1 = -s, 4*v = c + 58. Calculate the remainder when 26 is divided by v.
12
Suppose 3*l - 5*x - 84 = 0, 0*l - 2*l - 2*x = -56. Let q = -2 - -8. Calculate the remainder when l is divided by (-27)/q*(-20)/9.
8
Suppose 0*o - 128 = -c + 3*o, -2*o - 6 = 0. Let p(i) = -15*i**3 + 2*i**2 + 172*i + 169. Calculate the remainder when c is divided by p(-1).
7
Suppose 109*q - 27722 = 15115. Calculate the remainder when q is divided by 190.
13
Suppose 0 = 87*w - 113*w + 55*w - 2668. What is the remainder when w is divi